5*r(v) + 3*w(v). What is the remainder when 21 is divided by a(3)?
5
Let b be 2/(-4)*(5 + -3). Let m = 6 - b. Calculate the remainder when 10 is divided by m.
3
What is the remainder when 96 - (1 - 3 - 0) is divided by 33?
32
Let m be ((-6)/5)/(2/(-10)). Suppose r - 1 - 15 = 0. What is the remainder when r is divided by (m/5)/(2/10)?
4
Let f(u) = 40*u**3 + u**2 - u + 1. Let s(y) = y**3 + 8*y**2 + 7*y + 2. Let w be s(-7). What is the remainder when f(1) is divided by 2 - w - 1*-11?
8
Let k = 10 + -7. Suppose -2*h = 3*n - 53, -2*n + k*h + 3 = -n. Calculate the remainder when 28 is divided by n.
13
Let n be (-26)/12 + (-5)/(-30). What is the remainder when 5 is divided by (-3)/(-2) - 3/n?
2
Let q(j) = j**3 - 5*j**2 + 10*j - 1. What is the remainder when q(4) is divided by 13?
10
Let k = -41 + 51. Calculate the remainder when 18 is divided by k.
8
What is the remainder when 1263/27 - (-3)/((-27)/(-2)) is divided by 17?
13
Let d = 3 + 3. What is the remainder when 22 is divided by d?
4
Let m(g) = 2*g**2 + 4*g**3 - 2*g + 4 - 6 + 0. Let o be m(-2). Let k = o - -35. What is the remainder when 37 is divided by k?
11
Let g = 32 - 29. What is the remainder when 23 is divided by g?
2
Let d(p) = -2*p. Let i be d(1). What is the remainder when i/1*(-84)/8 is divided by 11?
10
Suppose 5*r - 22 = b, 2*r + 7*b - 4*b - 2 = 0. Calculate the remainder when r is divided by 3.
1
Let i = 6 - -2. Let r = 3 + -3. Let x = r - -3. What is the remainder when i is divided by x?
2
Let r = 15 + -5. Let v = 19 - r. Calculate the remainder when 23 is divided by v.
5
Let j(c) = -c**2 - c + 2. Suppose -2*f = -2 + 6. Let u be j(f). Suppose u*z - 5*g + 5 = z, 2*z + 3*g = 17. What is the remainder when z is divided by 4?
2
Suppose 0 = 31*k - 20*k - 165. Calculate the remainder when 42 is divided by k.
12
Let x = 6 + -3. What is the remainder when x is divided by 1?
0
Let l(o) = -o**2 - 11*o + 3. Calculate the remainder when 4 is divided by l(-11).
1
Let x be ((-6)/18)/((-2)/1770). Suppose r = 6*r - x. Calculate the remainder when r is divided by 15.
14
Let i(s) = s**3 - 7*s**2 + 8*s + 2. Suppose -5*b = -9 - 21. Let k = 9 + 31. What is the remainder when k is divided by i(b)?
12
Let h = 66 + -41. Calculate the remainder when 72 is divided by h.
22
Suppose -6 = -v - 4*c + 31, 3*c - 117 = -5*v. What is the remainder when v is divided by 11?
10
Let d = 15 - -7. Calculate the remainder when d is divided by 12.
10
Let v(x) = 2*x**2 + 4*x + 3. Let k be v(-2). Suppose 0 = -5*o - c - 3*c + 186, 0 = -k*o + c + 98. Calculate the remainder when o is divided by 18.
16
Suppose -5*n = -6*n - 4*u + 33, 132 = 4*n + 4*u. What is the remainder when n is divided by 17?
16
Let s = -8 - 4. Let i = -3 - s. What is the remainder when 26 is divided by i?
8
Let o = 31 - 28. What is the remainder when 9 is divided by o?
0
Suppose -f = f - 4. Suppose -5*y = f*q - 63, -4*q - y - y = -86. Calculate the remainder when q is divided by 5.
4
Suppose 15 = 4*f - f. What is the remainder when 12 is divided by f?
2
Let q = 3 + -4. What is the remainder when (2/3)/(4/66) is divided by (-4)/(1 - q) - -8?
5
Suppose 2*s + a + 8 = 3*a, 0 = 3*a + 6. Let f = 9 - s. What is the remainder when 28 is divided by f?
13
Suppose 0 = -3*h + 23 + 7. Suppose -i = -2*i + 4*b + 4, -5*b = 0. Calculate the remainder when h is divided by i.
2
Let m(a) = -9*a - 4. Let n be m(-4). Let p = n + -17. Calculate the remainder when (0 - -1)/((-2)/(-86)) is divided by p.
13
Let w be 0 + 2 + -1 - -34. Let c be (-1 - 22)*(1 - 0). Let u = c + w. What is the remainder when u is divided by 7?
5
Let a(m) = -8*m. Calculate the remainder when a(-7) is divided by 19.
18
Suppose -5*s = -5, -5*d + 89 = s - 2*s. Suppose -100 = d*p - 23*p. What is the remainder when 39 is divided by p?
19
Let m = -173 + 202. What is the remainder when 85 is divided by m?
27
Suppose 7 - 22 = -5*n. Suppose n*s + 0*s = 6. Suppose 0 = s*f + f - 21. Calculate the remainder when 19 is divided by f.
5
Suppose -3*n + 3*g + 45 = 0, -n + 3 = -7*g + 3*g. Let p = -2 + 5. Suppose 33 = s - p. What is the remainder when s is divided by n?
17
Let g = 8 + -10. Let k = 0 + g. What is the remainder when 27 is divided by (-1)/k*42/3?
6
Let t = 6 + -4. Suppose 0 = t*j - 3*j. Suppose n = -j + 8. Calculate the remainder when n is divided by 5.
3
Let d = 25 - 17. Suppose 5*c - 13 = 92. Calculate the remainder when c is divided by d.
5
Let t(m) = -4*m + 1. Let l be t(-1). Calculate the remainder when 23 is divided by (l/10)/(4/48).
5
Let i = 8 + -14. Let p be ((-32)/i)/((-6)/(-45)). Let q = p + -19. Calculate the remainder when q is divided by 8.
5
Suppose 5*f - t - 128 = 0, -4*f = -2*t + 3 - 103. What is the remainder when 75 is divided by f?
23
Suppose 0 = -5*b - 0*b + 195. What is the remainder when b is divided by 20?
19
Let b be (0 - 4) + 2 + -1. Let z = b + 7. Suppose x + 2*l - 34 = 0, 0 = x + l + z*l - 37. Calculate the remainder when x is divided by 11.
10
Suppose -4*j + 3 + 89 = 0. What is the remainder when 114 is divided by j?
22
Suppose -p - 2*p = -285. Suppose -c - p = -6*c. What is the remainder when c is divided by 7?
5
Let w be ((-7)/14)/((-2)/(-40)). Calculate the remainder when 47 is divided by (-4)/(4/w*1).
7
Suppose 3*f = 5*s - 195, 183 = -3*s + 7*s + 3*f. Calculate the remainder when s is divided by 9.
6
Suppose 97 = 3*d - 50. What is the remainder when d is divided by 13?
10
Let g = 3 - -6. Let q be 26/6 + 6/g. Suppose -q*z - 2*h = -2*z - 47, 0 = 2*z - h - 22. Calculate the remainder when z is divided by 7.
6
Let a be (-94)/14 - 12/42. Let h = 28 + a. Calculate the remainder when h is divided by (2/(-6))/(5/(-165)).
10
Suppose 0 = 2*c + 11 + 13. Let x be c/(-5) - (-2)/(-5). Suppose 0 = x*p - 5*p + 60. Calculate the remainder when 58 is divided by p.
18
Let w = -13 + 3. What is the remainder when (-115)/(-4) + 2/8 is divided by ((-4)/w)/((-2)/(-50))?
9
Suppose 31*d = 29*d + 22. Calculate the remainder when 19 is divided by d.
8
Let r(f) = 3*f**2 + f - 9. Let z(y) = -7*y**2 - 3*y + 17. Let h(l) = -5*r(l) - 2*z(l). What is the remainder when 19 is divided by h(0)?
8
Suppose 5*x + o = 1165, -5*x - o + 1165 = -4*o. Calculate the remainder when x is divided by 59.
56
Let s = 3 - 1. Suppose -18 = -s*b - 0*b. Calculate the remainder when b is divided by 4.
1
Suppose b - 3*m = -4 - 0, 0 = -2*b - 3*m + 1. Let j be (b/1)/(1/(-3)). Let h = j - -3. What is the remainder when 11 is divided by h?
5
Calculate the remainder when 14 is divided by (-8)/52 + 106/13.
6
Let m(n) = -n**2 + 12*n + 1. Calculate the remainder when m(10) is divided by (-114)/(-10) - (-4)/(-10).
10
Suppose -4*j = -13 - 11. Suppose 8*l = j*l + 42. What is the remainder when l is divided by 8?
5
Suppose 0 = -2*f + j + 10, f + 3*f - 8 = 5*j. Suppose -s - 4*s = -b + 18, -3*b - 4*s + 54 = 0. What is the remainder when b is divided by f?
4
Let f(p) = -p**2 + 14*p + 22. Calculate the remainder when 96 is divided by f(15).
5
Suppose v + 24 - 90 = 0. Calculate the remainder when v is divided by 17.
15
Suppose 0 = 4*h - p - 2*p - 110, -3*p = -2*h + 58. Calculate the remainder when h is divided by (-2 - (-8 - 0)) + (-1)/(-1).
5
Suppose 59 + 13 = 9*c. What is the remainder when 39 is divided by c?
7
What is the remainder when 47 is divided by (0 - -21) + (-9 - -12)?
23
Suppose 80 = 2*h - 64. Let k = -46 + h. Suppose -d + 13 = b, -4*b - b + d + 71 = 0. Calculate the remainder when k is divided by b.
12
Let l = 68 + -41. Suppose -2*q - 3*r = -0*r - l, 0 = 4*q + 2*r - 34. Calculate the remainder when 48/(-9)*(-2 - 1) is divided by q.
4
Let c(j) = j**2 + 5*j + 3. Let l be c(-4). Calculate the remainder when 15 is divided by (-2 - -3)*l*-8.
7
Let c be ((-8)/(-6))/(2/(-6)). Let k be (-11 + 12)*(-1 - 0). Calculate the remainder when 4*k*c*2 is divided by 17.
15
Let l(b) = b + 6. Let h be l(-6). Let n(o) = o**2 + 6. Calculate the remainder when 23 is divided by n(h).
5
Suppose 0 = -v + 6 + 9. What is the remainder when v is divided by 4?
3
Suppose 4*x + 2*n = 44, -x - n = -0*n - 9. What is the remainder when (4/(-8))/((-2)/144) is divided by x?
10
Suppose y - 3*y = 0. Suppose -o - 4*o + 1180 = y. Suppose 0*w - 4*w + 84 = 2*x, 5*x - o = 3*w. What is the remainder when x is divided by 12?
10
Suppose 4*c = 14 + 18. Suppose -13*g = -9*g + 104.